{"id":168,"date":"2019-03-17T16:33:01","date_gmt":"2019-03-17T16:33:01","guid":{"rendered":"https:\/\/lightgeej.worksites.dk\/?page_id=168"},"modified":"2019-03-17T16:33:01","modified_gmt":"2019-03-17T16:33:01","slug":"hikvison-kameraet","status":"publish","type":"page","link":"https:\/\/lightgeej.worksites.dk\/?page_id=168","title":{"rendered":"Hikvison kameraet"},"content":{"rendered":"\n<p>For at nulstille dit kamera tilbage til fabriksindstillingerne:<br>\nAfbryd str\u00f8mforsyningen.<br>\nTryk og hold nulstillingsknappen nede.<br>\nHold nulstillingsknappen nede, og genindf\u00f8r str\u00f8mforsyningen.<br>\nForts\u00e6t med at holde nulstillingsknappen nede i yderligere 10 sekunder.<br>\nSlip knappen og lad kameraet f\u00e6rdigg\u00f8re en genstart \/ genstart.<\/p>\n","protected":false},"excerpt":{"rendered":"<p>For at nulstille dit kamera tilbage til fabriksindstillingerne: Afbryd str\u00f8mforsyningen. Tryk og hold nulstillingsknappen nede. Hold nulstillingsknappen nede, og genindf\u00f8r str\u00f8mforsyningen. Forts\u00e6t med at holde nulstillingsknappen nede i yderligere 10 sekunder. Slip knappen og lad kameraet f\u00e6rdigg\u00f8re en genstart \/ genstart.<\/p>\n","protected":false},"author":2,"featured_media":0,"parent":0,"menu_order":0,"comment_status":"closed","ping_status":"closed","template":"","meta":{"_kad_post_transparent":"","_kad_post_title":"","_kad_post_layout":"","_kad_post_sidebar_id":"","_kad_post_content_style":"","_kad_post_vertical_padding":"","_kad_post_feature":"","_kad_post_feature_position":"","_kad_post_header":false,"_kad_post_footer":false,"_kad_post_classname":"","footnotes":""},"class_list":["post-168","page","type-page","status-publish","hentry"],"_links":{"self":[{"href":"https:\/\/lightgeej.worksites.dk\/index.php?rest_route=\/wp\/v2\/pages\/168","targetHints":{"allow":["GET"]}}],"collection":[{"href":"https:\/\/lightgeej.worksites.dk\/index.php?rest_route=\/wp\/v2\/pages"}],"about":[{"href":"https:\/\/lightgeej.worksites.dk\/index.php?rest_route=\/wp\/v2\/types\/page"}],"author":[{"embeddable":true,"href":"https:\/\/lightgeej.worksites.dk\/index.php?rest_route=\/wp\/v2\/users\/2"}],"replies":[{"embeddable":true,"href":"https:\/\/lightgeej.worksites.dk\/index.php?rest_route=%2Fwp%2Fv2%2Fcomments&post=168"}],"version-history":[{"count":1,"href":"https:\/\/lightgeej.worksites.dk\/index.php?rest_route=\/wp\/v2\/pages\/168\/revisions"}],"predecessor-version":[{"id":169,"href":"https:\/\/lightgeej.worksites.dk\/index.php?rest_route=\/wp\/v2\/pages\/168\/revisions\/169"}],"wp:attachment":[{"href":"https:\/\/lightgeej.worksites.dk\/index.php?rest_route=%2Fwp%2Fv2%2Fmedia&parent=168"}],"curies":[{"name":"wp","href":"https:\/\/api.w.org\/{rel}","templated":true}]}}